39 a prime number?
False
Is 3587078269 prime?
True
Is 42979423763 a prime number?
False
Is 12089593393 composite?
True
Is 446980007 prime?
True
Is 27135491077 a composite number?
False
Is 2682234281 composite?
True
Is 9657975833 a composite number?
True
Is 62086347773 a composite number?
False
Is 1641804163 a composite number?
False
Is 326031313 composite?
True
Is 17197552553 composite?
False
Is 237428299 a prime number?
True
Is 24701795155 a composite number?
True
Is 108028731 composite?
True
Is 60501023633 composite?
False
Is 20769364789 a composite number?
False
Is 53673588751 a prime number?
True
Is 56893363309 composite?
False
Is 1218683789 a composite number?
False
Is 14483816317 a prime number?
True
Is 24796530931 composite?
False
Is 1132918417 a composite number?
False
Is 137884679827 composite?
False
Is 398729999207 composite?
False
Is 3031764019 composite?
False
Is 4308190681 composite?
False
Is 438849761 composite?
True
Is 74829841 a composite number?
True
Is 133681144979 prime?
True
Is 4734027269 a prime number?
True
Is 384276367 prime?
True
Is 121048234451 prime?
True
Is 219457479419 a composite number?
True
Is 1393981289 a prime number?
False
Is 1744947553 a composite number?
False
Is 3154560067 composite?
True
Is 243693447 prime?
False
Is 739944827 prime?
True
Is 2774708999 composite?
False
Is 1194394367 prime?
True
Is 13946420929 a prime number?
False
Is 4689042685 a composite number?
True
Is 6028221982 a composite number?
True
Is 979394629 composite?
False
Is 1719120587 a prime number?
False
Is 114849174623 a prime number?
True
Is 5991509027 a prime number?
False
Is 55916605205 composite?
True
Is 465365899 prime?
True
Is 238217911 composite?
False
Is 2453549831 a prime number?
False
Is 12528502139 prime?
False
Is 836010619 a prime number?
True
Is 4288882669 a composite number?
True
Is 157022225513 composite?
False
Is 47058023939 composite?
True
Is 1992472249 a prime number?
True
Is 8551600121 composite?
False
Is 745603651 prime?
False
Is 7771562567 a composite number?
True
Is 67772290681 prime?
False
Is 13622404738 a prime number?
False
Is 5917726117 a composite number?
False
Is 2328202483 a composite number?
False
Is 8219454835 prime?
False
Is 212330154061 composite?
False
Is 12801656111 a prime number?
True
Is 1863940193 a prime number?
False
Is 2188746317 a prime number?
False
Is 164747699 prime?
True
Is 21426870103 prime?
True
Is 2452636877 a composite number?
False
Is 3559344013 a prime number?
True
Is 7542008233 composite?
True
Is 253858091 a composite number?
False
Is 1450578847 a composite number?
True
Is 17104695941 a prime number?
False
Is 2502081781 a composite number?
True
Is 69058379729 a composite number?
True
Is 2268048007 a composite number?
False
Is 14656052221 composite?
False
Is 14743952893 prime?
True
Is 79435911761 prime?
True
Is 51681462227 composite?
True
Is 3362387141 a composite number?
False
Is 43949203 prime?
False
Is 34359283109 a prime number?
False
Is 286883958469 a composite number?
True
Is 127379143 a composite number?
False
Is 35492978919 composite?
True
Is 15967139083 prime?
False
Is 7709996053 a prime number?
True
Is 3683209889 composite?
False
Is 274408880371 composite?
False
Is 2522103691 prime?
True
Is 16199440583 a composite number?
False
Is 25343235361 prime?
True
Is 915025417 composite?
False
Is 91808930951 prime?
True
Is 89992085699 a prime number?
False
Is 174089418023 a composite number?
True
Is 1002983921 composite?
True
Is 882672821 composite?
False
Is 1744090307 a composite number?
True
Is 137998037161 a prime number?
False
Is 28213819273 a prime number?
True
Is 256953041 composite?
False
Is 1956517817 a composite number?
True
Is 1020454966 a composite number?
True
Is 5629518011 composite?
True
Is 537108643 composite?
True
Is 2476779937 a composite number?
True
Is 996693197 prime?
True
Is 130059878693 a composite number?
True
Is 1062877583 composite?
False
Is 1324459849 a prime number?
False
Is 4223049631 composite?
False
Is 30192788407 a composite number?
True
Is 4029254367 a prime number?
False
Is 3008971069 a prime number?
False
Is 63517678207 composite?
False
Is 21567070873 prime?
False
Is 38602807 composite?
False
Is 43183127977 composite?
True
Is 7816104197 a composite number?
True
Is 472000967 a prime number?
True
Is 2757997085 a composite number?
True
Is 1921724941 a prime number?
True
Is 4592907743 prime?
False
Is 46733141089 a prime number?
False
Is 9347658863 a composite number?
False
Is 2336106467 prime?
False
Is 1274148787 a prime number?
True
Is 324136691 a composite number?
True
Is 7687476187 a composite number?
False
Is 340439863 a prime number?
False
Is 66453121633 a prime number?
False
Is 196301129 composite?
True
Is 639615359 a composite number?
False
Is 668662403 composite?
True
Is 41426043959 prime?
False
Is 60450024749 a prime number?
False
Is 55384947914 prime?
False
Is 115256728171 composite?
True
Is 252596989 a composite number?
True
Is 474610223 a composite number?
True
Is 8719283 a composite number?
True
Is 2847247189 a composite number?
True
Is 7987243555 a composite number?
True
Is 7105591193 prime?
True
Is 527280413 a prime number?
False
Is 267041360821 a prime number?
True
Is 22926023359 prime?
False
Is 14226529039 composite?
True
Is 85355983 a prime number?
False
Is 8628186283 prime?
False
Is 345469441 a composite number?
False
Is 11939680063 composite?
False
Is 2897092447 prime?
False
Is 31826478517 composite?
False
Is 16094277037 a composite number?
True
Is 1857882931 composite?
False
Is 17621985479 composite?
True
Is 144692286803 composite?
True
Is 1090432019 a prime number?
True
Is 11939131235 a prime number?
False
Is 3102420053 a prime number?
True
Is 8031300493 prime?
True
Is 456184021 prime?
False
Is 48317110319 a composite number?
False
Is 1318646939 a composite number?
True
Is 17889165355 a composite number?
True
Is 4419635411 a composite number?
False
Is 498218297 prime?
True
Is 1508255759 a prime number?
False
Is 373744843 a composite number?
False
Is 906023339 a prime number?
False
Is 771300463 a composite number?
True
Is 13712687023 a composite number?
True
Is 110488616971 a prime number?
True
Is 2423632727 a composite number?
True
Is 37324876219 a prime number?
True
Is 1102111069 prime?
True
Is 506749301 prime?
True
Is 17325732581 a composite number?
False
Is 4791376663 prime?
True
Is 607932739 prime?
True
Is 7870820077 composite?
False
Is 13632858407 composite?
True
Is 108143268713 composite?
False
Is 720012507 a composite number?
True
Is 4710368629 composite?
True
Is 429423431 prime?
True
Is 5902216571 prime?
False
Is 15128077 a prime number?
True
Is 1696682301 a composite number?
True
Is 633029701 composite?
False
Is 35928888397 prime?
False
Is 4682061973 a prime number?
False
Is 133622437037 a composite number?
True
Is 204191891 prime?
True
Is 4761617537 a composite number?
False
Is 88417622519 a composite number?
True
Is 318374983 a composite number?
True
Is 25013089 prime?
False
Is 3104819947 prime?
True
Is 6817010603 composite?
True
Is 9081232453 composite?
True
Is 252899261 composite?
True
Is 218223871 composite?
False
Is 40731859513 prime?
True
Is 10557278141 a prime number?
True
Is 6870208903 composite?
False
Is 41586542849 a composite number?
True
Is 3030192283 a composite number?
False
Is 53451624379 a composite number?
False
Is 24207847381 a prime number?
True
Is 1175428181 prime?
True
Is 3304492979 composite?
False
Is 516362809 a prime number?
True
Is 2046829759 composite?
True
Is 6500172451 prime?
True
Is 1644071449 prime?
False
Is 7065890509 composite?
False
Is 1514288823 prime?
False
Is 52945018427 a prime number?
False
Is 1239436963 composite?
False
Is 14310855389 a prime number?
False
Is 4946376439 a prime number?
True
Is 7543822651 prime?
True
Is 309576499 prime?
True
Is 35239171567 prime?
True
Is 25413577237 prime?
True
Is 257231929 composite?
False
Is 83048825083 a prime number?
False
Is 28863910039 composite?
False
Is 4456120099 composite?
True
Is 1086322817 a prime number?
True
Is 104810164733 composite?
False
Is 133369472182 composite?
True
Is 21909171497 composite?
False
Is 2130582163 a composite number?
False
Is 543327391 a prime number?
False
Is 910141697 prime?
False
Is 34075211993 a prime number?
Fals